{"id":3109,"date":"2019-09-23T11:44:55","date_gmt":"2019-09-23T09:44:55","guid":{"rendered":"https:\/\/www.treske.de\/?page_id=3109"},"modified":"2020-11-13T14:12:16","modified_gmt":"2020-11-13T13:12:16","slug":"belmondo-pferdematte-stallmatte","status":"publish","type":"page","link":"https:\/\/www.treske.de\/?page_id=3109","title":{"rendered":"BELMONDO \u2013 Pferdematte \/ Stallmatte"},"content":{"rendered":"<p><img loading=\"lazy\" decoding=\"async\" class=\"alignleft size-full wp-image-4066\" src=\"https:\/\/www.treske.de\/wp-content\/uploads\/BELMONDO_Basic_d_280.jpg\" alt=\"\" width=\"280\" height=\"280\" \/><img loading=\"lazy\" decoding=\"async\" class=\"alignleft size-full wp-image-4068\" src=\"https:\/\/www.treske.de\/wp-content\/uploads\/BELMONDO_Trend_d_280-1.jpg\" alt=\"\" width=\"280\" height=\"280\" \/><img loading=\"lazy\" decoding=\"async\" class=\"alignleft size-full wp-image-4070\" src=\"https:\/\/www.treske.de\/wp-content\/uploads\/BELMONDO_Kingsize-Duo_d_280.jpg\" alt=\"\" width=\"280\" height=\"280\" \/><img loading=\"lazy\" decoding=\"async\" class=\"alignleft size-full wp-image-4064\" src=\"https:\/\/www.treske.de\/wp-content\/uploads\/BELMONDO_Classic_d_280.jpg\" alt=\"\" width=\"280\" height=\"280\" \/>BELMONDO Gummimatten entsprechen allen Anforderungen, die das Pferd an einen perfekten Untergrund stellt. Sie schonen Sehnen und Gelenke, erh\u00f6hen den Komfort beim Liegen, sind sowohl W\u00e4rme- als auch Ger\u00e4uschd\u00e4mmend und bieten die gr\u00f6\u00dftm\u00f6gliche Sicherheit f\u00fcr das Tier durch die hohe Tritt- und Rutschsicherheit.<br \/>\nDie Matten unterst\u00fctzen die Hygiene im Stall, tragen zur Einstreuersparnis bei und reduzieren das Arbeitspensum.<\/p>\n<p>BELMONDO Gummimatten entsprechen also auch allen Anforderungen des Pferdehalters. Nicht zuletzt durch die einfache Montage und lange Haltbarkeit.<\/p>\n<p>BELMONDO Basic \u2013 f\u00fcr Box und Stallgasse<\/p>\n<p>Guter Basis-Komfort f\u00fcr geringe Belastung!<\/p>\n<p>Angenehm weich und trittsicher f\u00fcr Box und Stallgasse \u2013 befahrbar!<\/p>\n<p>Oberfl\u00e4che: Hufeisenprofil<br \/>\nUnterseite: Rillen<br \/>\nSt\u00e4rke: 18 mm<br \/>\nAbmessungen: 1 m x 1m<\/p>\n<p>BELMONDO Classic \u2013 f\u00fcr Box und Stallgasse<\/p>\n<p>F\u00fcr h\u00f6here Belastungen \u2013 auch bei Stiften und Stollen!<\/p>\n<p>Angenehm weich und trittsicher f\u00fcr Box und Stallgasse \u2013 befahrbar!<\/p>\n<p>Oberfl\u00e4che: Hufeisenprofil mit verschlei\u00dffester Deckschicht<br \/>\nUnterseite: Rillenprofil<br \/>\nSt\u00e4rke: 18 mm<br \/>\nAbmessungen: 1 m x 1m<\/p>\n<p>BELMONDO Trend \u2013 f\u00fcr die Box<\/p>\n<p>F\u00fcr extra Liegekomfort \u2013 pferdegerecht weich!<\/p>\n<p>Dichtlippen an der Unterseite verringern den Eintritt von Verunreinigungen.<\/p>\n<p>Oberfl\u00e4che: Hufeisenprofil mit verschlei\u00dffester Deckschicht<br \/>\nUnterseite: Luftpolster mit Dichtlippen<br \/>\nSt\u00e4rke: 28 mm<br \/>\nAbmessungen: 1 m x 1 m<\/p>\n<p>BELMONDO Rodeo \u2013 f\u00fcr die Boxenwand<\/p>\n<p>Schont Wand und Pferd!<\/p>\n<p>Oberfl\u00e4che: Holzbohlenoptik<br \/>\nUnterseite: Rillen<br \/>\nSt\u00e4rke: 11 mm<br \/>\nAbmessungen: 1,30 m x 3,50 m<\/p>\n<p>BELMONDO Walkway \u2013 f\u00fcr die Stallgasse<\/p>\n<p>Die g\u00fcnstige Alternative f\u00fcr geringe Beanspruchung!<\/p>\n<p>Auch f\u00fcr Pferdeh\u00e4nger gut geeignet.<br \/>\nF\u00fcr Beschlag ohne Stifte und Stollen. Nicht befahrbar.<\/p>\n<p>Oberfl\u00e4che: Hufeisenprofil<br \/>\nUnterseite: Rillenprofil<br \/>\nSt\u00e4rke: 11 mm<br \/>\nAbmessungen: 1 m x 1m<\/p>\n<p>BELMONDO Paddock \u2013 f\u00fcr Paddock \/ Wege und Waschplatz<\/p>\n<p>Optimale Nass-Trittsicherheit mit UV- und Ozonschutz!<\/p>\n<p>Oberfl\u00e4che: Rautenprofil mit verschlei\u00dffester Deckschicht<br \/>\nUnterseite: Noppenprofil (5 mm)<br \/>\nSt\u00e4rke: 20 mm<br \/>\nAbmessung: 1 m x 1 m<\/p>\n<p>BELMONDO Paddockgitter \u2013 f\u00fcr Paddock \/ Wege<\/p>\n<p>Zur einfachen und befahrbaren Bodenstabilisierung!<\/p>\n<p>Werkstoff: Kunststoff<br \/>\nSt\u00e4rke: 4 cm<br \/>\nAbmessung: 53,5 cm x 37 cm (5 Stk\/m\u00b2)<\/p>\n<p>BELMONDO F\u00fchrring P \u2013 f\u00fcr die F\u00fchranlage<\/p>\n<p>Elektrisch leitf\u00e4hig, optimale Nass-Trittsicherheit mit UV- und Ozonschutz!<\/p>\n<p>F\u00fcr jede F\u00fchranlage geeignet.<br \/>\nVoraussetzung: befestigter Untergrund (Beton, Asphalt, \u2026)<\/p>\n<p>Oberfl\u00e4che: Rautenprofil mit verschlei\u00dffester Deckschicht<br \/>\nUnterseite: Noppen (2 mm)<br \/>\nSt\u00e4rke: 19 mm<br \/>\nAbmessungen: individuell ma\u00dfgefertigt<\/p>\n","protected":false},"excerpt":{"rendered":"<p>BELMONDO Gummimatten entsprechen allen Anforderungen, die das Pferd an einen perfekten Untergrund stellt. Sie schonen Sehnen und Gelenke, erh\u00f6hen den Komfort beim Liegen, sind sowohl W\u00e4rme- als auch Ger\u00e4uschd\u00e4mmend und bieten die gr\u00f6\u00dftm\u00f6gliche Sicherheit f\u00fcr das Tier durch die hohe Tritt- und Rutschsicherheit. Die Matten unterst\u00fctzen die Hygiene im Stall, tragen zur Einstreuersparnis bei und [&hellip;]<\/p>\n","protected":false},"author":6,"featured_media":0,"parent":591,"menu_order":0,"comment_status":"closed","ping_status":"closed","template":"","meta":{"_genesis_hide_title":false,"_genesis_hide_breadcrumbs":false,"_genesis_hide_singular_image":false,"_genesis_hide_footer_widgets":false,"_genesis_custom_body_class":"","_genesis_custom_post_class":"","_genesis_layout":"","footnotes":""},"class_list":{"0":"post-3109","1":"page","2":"type-page","3":"status-publish","5":"entry"},"_links":{"self":[{"href":"https:\/\/www.treske.de\/index.php?rest_route=\/wp\/v2\/pages\/3109","targetHints":{"allow":["GET"]}}],"collection":[{"href":"https:\/\/www.treske.de\/index.php?rest_route=\/wp\/v2\/pages"}],"about":[{"href":"https:\/\/www.treske.de\/index.php?rest_route=\/wp\/v2\/types\/page"}],"author":[{"embeddable":true,"href":"https:\/\/www.treske.de\/index.php?rest_route=\/wp\/v2\/users\/6"}],"replies":[{"embeddable":true,"href":"https:\/\/www.treske.de\/index.php?rest_route=%2Fwp%2Fv2%2Fcomments&post=3109"}],"version-history":[{"count":3,"href":"https:\/\/www.treske.de\/index.php?rest_route=\/wp\/v2\/pages\/3109\/revisions"}],"predecessor-version":[{"id":4077,"href":"https:\/\/www.treske.de\/index.php?rest_route=\/wp\/v2\/pages\/3109\/revisions\/4077"}],"up":[{"embeddable":true,"href":"https:\/\/www.treske.de\/index.php?rest_route=\/wp\/v2\/pages\/591"}],"wp:attachment":[{"href":"https:\/\/www.treske.de\/index.php?rest_route=%2Fwp%2Fv2%2Fmedia&parent=3109"}],"curies":[{"name":"wp","href":"https:\/\/api.w.org\/{rel}","templated":true}]}}