{"id":3111,"date":"2019-09-23T11:48:46","date_gmt":"2019-09-23T09:48:46","guid":{"rendered":"https:\/\/www.treske.de\/?page_id=3111"},"modified":"2020-11-12T21:58:06","modified_gmt":"2020-11-12T20:58:06","slug":"ergokomfort-arbeitsplatzmatte","status":"publish","type":"page","link":"https:\/\/www.treske.de\/?page_id=3111","title":{"rendered":"ERGOKOMFORT \u2013 Arbeitsplatzmatte"},"content":{"rendered":"<p>ERGOKOMFORT<sup>\u00ae <\/sup>-Arbeitsplatzmatten,<br \/>\nh\u00f6henverstellbare Arbeitstische, 24 h St\u00fchle, PVC &#8211; Bodenmarkierungsb\u00e4nder<br \/>\nund ERGOKOMFORT<sup>\u00ae<\/sup> &#8211;\u00a0PVC Bodenfliesen f\u00fcr die Bereiche:<\/p>\n<ul class=\"list-normal\">\n<li>Produktion<\/li>\n<li>ESD-Bereich<\/li>\n<li>Labor<\/li>\n<li>Reinraum<\/li>\n<li>Lebensmittel<\/li>\n<li>Hygienebereich<\/li>\n<li>usw.<\/li>\n<\/ul>\n<p>ERGOKOMFORT<sup>\u00ae<\/sup>-MATTEN sind in den Breiten 60 cm und 90 cm und in allen L\u00e4ngen erh\u00e4ltlich. Wir fertigen auch Sonderbreiten und Sonderformen.<img loading=\"lazy\" decoding=\"async\" class=\"alignleft size-medium wp-image-4061\" src=\"https:\/\/www.treske.de\/wp-content\/uploads\/csm_matte-fuesse_a794e0a5ff-287x300.png\" alt=\"\" width=\"287\" height=\"300\" srcset=\"https:\/\/www.treske.de\/wp-content\/uploads\/csm_matte-fuesse_a794e0a5ff-287x300.png 287w, https:\/\/www.treske.de\/wp-content\/uploads\/csm_matte-fuesse_a794e0a5ff.png 315w\" sizes=\"auto, (max-width: 287px) 100vw, 287px\" \/><\/p>\n","protected":false},"excerpt":{"rendered":"<p>ERGOKOMFORT\u00ae -Arbeitsplatzmatten, h\u00f6henverstellbare Arbeitstische, 24 h St\u00fchle, PVC &#8211; Bodenmarkierungsb\u00e4nder und ERGOKOMFORT\u00ae &#8211;\u00a0PVC Bodenfliesen f\u00fcr die Bereiche: Produktion ESD-Bereich Labor Reinraum Lebensmittel Hygienebereich usw. ERGOKOMFORT\u00ae-MATTEN sind in den Breiten 60 cm und 90 cm und in allen L\u00e4ngen erh\u00e4ltlich. Wir fertigen auch Sonderbreiten und Sonderformen.<\/p>\n","protected":false},"author":6,"featured_media":0,"parent":591,"menu_order":0,"comment_status":"closed","ping_status":"closed","template":"","meta":{"_genesis_hide_title":false,"_genesis_hide_breadcrumbs":false,"_genesis_hide_singular_image":false,"_genesis_hide_footer_widgets":false,"_genesis_custom_body_class":"","_genesis_custom_post_class":"","_genesis_layout":"","footnotes":""},"class_list":{"0":"post-3111","1":"page","2":"type-page","3":"status-publish","5":"entry"},"_links":{"self":[{"href":"https:\/\/www.treske.de\/index.php?rest_route=\/wp\/v2\/pages\/3111","targetHints":{"allow":["GET"]}}],"collection":[{"href":"https:\/\/www.treske.de\/index.php?rest_route=\/wp\/v2\/pages"}],"about":[{"href":"https:\/\/www.treske.de\/index.php?rest_route=\/wp\/v2\/types\/page"}],"author":[{"embeddable":true,"href":"https:\/\/www.treske.de\/index.php?rest_route=\/wp\/v2\/users\/6"}],"replies":[{"embeddable":true,"href":"https:\/\/www.treske.de\/index.php?rest_route=%2Fwp%2Fv2%2Fcomments&post=3111"}],"version-history":[{"count":3,"href":"https:\/\/www.treske.de\/index.php?rest_route=\/wp\/v2\/pages\/3111\/revisions"}],"predecessor-version":[{"id":4063,"href":"https:\/\/www.treske.de\/index.php?rest_route=\/wp\/v2\/pages\/3111\/revisions\/4063"}],"up":[{"embeddable":true,"href":"https:\/\/www.treske.de\/index.php?rest_route=\/wp\/v2\/pages\/591"}],"wp:attachment":[{"href":"https:\/\/www.treske.de\/index.php?rest_route=%2Fwp%2Fv2%2Fmedia&parent=3111"}],"curies":[{"name":"wp","href":"https:\/\/api.w.org\/{rel}","templated":true}]}}