{"id":588,"date":"2016-06-18T12:16:00","date_gmt":"2016-06-18T10:16:00","guid":{"rendered":"https:\/\/www.treske.de\/?page_id=588"},"modified":"2019-12-05T15:13:53","modified_gmt":"2019-12-05T14:13:53","slug":"faserverbundplatten","status":"publish","type":"page","link":"https:\/\/www.treske.de\/?page_id=588","title":{"rendered":"Faserverbundplatten"},"content":{"rendered":"<p><img loading=\"lazy\" decoding=\"async\" class=\"alignleft size-full wp-image-3358\" src=\"https:\/\/www.treske.de\/wp-content\/uploads\/image.png\" alt=\"\" width=\"259\" height=\"194\" \/>KlingerSil\u00ae Platten\u00a0 Typ C4400 sind Hochdruck-Dichtungen aus Aramidfasern mit einem Nitril-Butadien-Kautschuk binder.<br \/>\nKlingersil-Dichtungen werden gerne im Maschinenbau, der Lebensmittelverarbeitung, der chemischen Industrie sowie in Gas, Wasser und Sanit\u00e4rbereich eingesetzt.<br \/>\nSeid der Abschaffung von Asbestwaren hat sich dieses Material in vielen oben genannten Anwendungen bew\u00e4hrt und wird gerne eingesetzt.<\/p>\n<p>Weiter unten finden Sie eine Tabelle mit den verf\u00fcgbaren St\u00e4rken und Plattenma\u00dfeh.<\/p>\n<p align=\"left\">\n<p align=\"left\">\n","protected":false},"excerpt":{"rendered":"<p>KlingerSil\u00ae Platten\u00a0 Typ C4400 sind Hochdruck-Dichtungen aus Aramidfasern mit einem Nitril-Butadien-Kautschuk binder. Klingersil-Dichtungen werden gerne im Maschinenbau, der Lebensmittelverarbeitung, der chemischen Industrie sowie in Gas, Wasser und Sanit\u00e4rbereich eingesetzt. Seid der Abschaffung von Asbestwaren hat sich dieses Material in vielen oben genannten Anwendungen bew\u00e4hrt und wird gerne eingesetzt. Weiter unten finden Sie eine Tabelle mit [&hellip;]<\/p>\n","protected":false},"author":6,"featured_media":0,"parent":577,"menu_order":3,"comment_status":"closed","ping_status":"closed","template":"","meta":{"_genesis_hide_title":false,"_genesis_hide_breadcrumbs":false,"_genesis_hide_singular_image":false,"_genesis_hide_footer_widgets":false,"_genesis_custom_body_class":"","_genesis_custom_post_class":"","_genesis_layout":"","footnotes":""},"class_list":{"0":"post-588","1":"page","2":"type-page","3":"status-publish","5":"entry"},"_links":{"self":[{"href":"https:\/\/www.treske.de\/index.php?rest_route=\/wp\/v2\/pages\/588","targetHints":{"allow":["GET"]}}],"collection":[{"href":"https:\/\/www.treske.de\/index.php?rest_route=\/wp\/v2\/pages"}],"about":[{"href":"https:\/\/www.treske.de\/index.php?rest_route=\/wp\/v2\/types\/page"}],"author":[{"embeddable":true,"href":"https:\/\/www.treske.de\/index.php?rest_route=\/wp\/v2\/users\/6"}],"replies":[{"embeddable":true,"href":"https:\/\/www.treske.de\/index.php?rest_route=%2Fwp%2Fv2%2Fcomments&post=588"}],"version-history":[{"count":12,"href":"https:\/\/www.treske.de\/index.php?rest_route=\/wp\/v2\/pages\/588\/revisions"}],"predecessor-version":[{"id":3362,"href":"https:\/\/www.treske.de\/index.php?rest_route=\/wp\/v2\/pages\/588\/revisions\/3362"}],"up":[{"embeddable":true,"href":"https:\/\/www.treske.de\/index.php?rest_route=\/wp\/v2\/pages\/577"}],"wp:attachment":[{"href":"https:\/\/www.treske.de\/index.php?rest_route=%2Fwp%2Fv2%2Fmedia&parent=588"}],"curies":[{"name":"wp","href":"https:\/\/api.w.org\/{rel}","templated":true}]}}